{"id":93,"date":"2024-11-04T10:46:57","date_gmt":"2024-11-04T10:46:57","guid":{"rendered":"https:\/\/olaszajto.cegem360.hu\/?post_type=product&#038;p=93"},"modified":"2024-11-04T10:46:57","modified_gmt":"2024-11-04T10:46:57","slug":"eko","status":"publish","type":"product","link":"https:\/\/olaszajto.hu\/index.php\/termek\/eko\/","title":{"rendered":"EKO"},"content":{"rendered":"<div class=\"row\"  id=\"row-62304800\">\n\n\t<div id=\"col-1054332419\" class=\"col medium-4 small-12 large-4\"  >\n\t\t\t\t<div class=\"col-inner\"  >\n\t\t\t\n\t\t\t\n\n<h3>Ellen-keret<\/h3>\n<dl>\n<dt>Anyag<\/dt>\n<dd>Horganyzott ac\u00e9l (UNI EN 10142) 20\/10 vastags\u00e1ggal \u00e9s 13 kg s\u00fallyal<\/dd>\n<dt>Szab\u00e1lyoz\u00e1s<\/dt>\n<dd>8 db \u00e1ll\u00edt\u00f3 konzol \u00e9s fali r\u00f6gz\u00edt\u0151 rendszer 8 db f\u00e9m r\u00f6gz\u00edt\u0151 t\u00e1maszt\u00e9kkal<\/dd>\n<dt>Tov\u00e1bbi k\u00e9szlet<\/dt>\n<dd>T\u00e1vtart\u00f3 rudak<\/dd>\n<\/dl>\n\n\t\t<\/div>\n\t\t\t\t\t<\/div>\n\n\t\n\n\t<div id=\"col-1199580466\" class=\"col medium-4 small-12 large-4\"  >\n\t\t\t\t<div class=\"col-inner\"  >\n\t\t\t\n\t\t\t\n\n<h3>Keret<\/h3>\n<dl>\n<dt>Anyag<\/dt>\n<dd>Horganyzott ac\u00e9l (UNI EN 10142) 20\/10 vastags\u00e1ggal \u00e9s 12 kg s\u00fallyal<\/dd>\n<dt>Fel\u00fcletkezel\u00e9s<\/dt>\n<dd>PVC mindk\u00e9t oldalon el\u0151f\u00f3li\u00e1zva. Sz\u00edn: barna<\/dd>\n<dt>Szab\u00e1lyoz\u00e1s<\/dt>\n<dd>F\u00fcgg\u0151leges \u00e9s v\u00edzszintes n\u00b08 csavarokkal + retesz \u00e1ll\u00edt\u00f3 eszk\u00f6z<\/dd>\n<\/dl>\n\n\t\t<\/div>\n\t\t\t\t\t<\/div>\n\n\t\n\n\t<div id=\"col-956714892\" class=\"col medium-4 small-12 large-4\"  >\n\t\t\t\t<div class=\"col-inner\"  >\n\t\t\t\n\t\t\t\n\n<h3>Ajt\u00f3lap<\/h3>\n<dl>\n<dt>Szerkezet<\/dt>\n<dd>Horganyzott ac\u00e9llemez, 2 db omega alak\u00fa merev\u00edt\u0151vel + z\u00e1r meger\u0151s\u00edt\u0151 lemez vastags\u00e1ga 30\/10 S\u00faly 55 Kg<\/dd>\n<dt>Szigetel\u00e9sek<\/dt>\n<dd>Hangszigetel\u0151 anyagok<\/dd>\n<dt>Zsan\u00e9rok<\/dt>\n<dd>2 db \u00e1ll\u00edthat\u00f3 zsan\u00e9r sz\u00e9less\u00e9gben, magass\u00e1gban \u00e9s m\u00e9lys\u00e9gben ac\u00e9l csappal, \u00e1tm\u00e9r\u0151 14mm<\/dd>\n<dt>Oldalprofil<\/dt>\n<dd>Horganyzott el\u0151f\u00f3li\u00e1zott lemez PVC-ben a k\u00fcls\u0151 oldalon perem t\u00f6m\u00edt\u00e9ssel<\/dd>\n<dt>R\u00f6gz\u00edt\u0151 csavarok<\/dt>\n<dd>5 db r\u00f6gz\u00edtett emel\u0151 vez\u00e9rl\u0151 csavar<\/dd>\n<dt>Id\u0151j\u00e1r\u00e1s\u00e1ll\u00f3 szalag<\/dt>\n<dd>Automatikusan \u00e1ll\u00edthat\u00f3 id\u0151j\u00e1r\u00e1s\u00e1ll\u00f3 szalag<\/dd>\n<dt>Burkolat<\/dt>\n<dd>6mm szintetikus furn\u00e9rozott panelek<\/dd>\n<\/dl>\n\n\t\t<\/div>\n\t\t\t\t\t<\/div>\n\n\t\n<\/div>\n","protected":false},"excerpt":{"rendered":"<dl>\n<dt>BET\u00d6R\u00c9S\u00c1LL\u00d3S\u00c1GI TAN\u00daS\u00cdTV\u00c1NY<\/dt>\n<dd>3. oszt\u00e1ly EN 1627<\/dd>\n<dt>HANGSZIGETEL\u00c9S RW<\/dt>\n<dd>dB min. 36 max. 41<\/dd>\n<dt>H\u0150SZIGETEL\u00c9S Ud<\/dt>\n<dd>W\/m\u00b2K min. 1,6 max. 1,0<\/dd>\n<dt>L\u00c9G\u00c1TERESZT\u00c9S<\/dt>\n<dd>1. oszt\u00e1ly<\/dd>\n<dt>SZ\u00c9LTERHEL\u00c9S ELLEN\u00c1LL\u00c1S<\/dt>\n<dd>max. 5. oszt\u00e1ly<\/dd>\n<dt>V\u00cdZZ\u00c1R\u00d3S\u00c1G<\/dt>\n<dd>max. 7A oszt\u00e1ly<\/dd>\n<\/dl>\n","protected":false},"featured_media":94,"template":"","meta":[],"product_brand":[],"product_cat":[16],"product_tag":[],"class_list":{"0":"post-93","1":"product","2":"type-product","3":"status-publish","4":"has-post-thumbnail","6":"product_cat-egyeb","8":"first","9":"instock","10":"shipping-taxable","11":"product-type-simple"},"yoast_head":"<!-- This site is optimized with the Yoast SEO plugin v26.9 - https:\/\/yoast.com\/product\/yoast-seo-wordpress\/ -->\n<title>EKO - Olaszajt\u00f3.hu<\/title>\n<meta name=\"robots\" content=\"index, follow, max-snippet:-1, max-image-preview:large, max-video-preview:-1\" \/>\n<link rel=\"canonical\" href=\"https:\/\/olaszajto.hu\/index.php\/termek\/eko\/\" \/>\n<meta property=\"og:locale\" content=\"hu_HU\" \/>\n<meta property=\"og:type\" content=\"article\" \/>\n<meta property=\"og:title\" content=\"EKO - Olaszajt\u00f3.hu\" \/>\n<meta property=\"og:description\" content=\"BET\u00d6R\u00c9S\u00c1LL\u00d3S\u00c1GI TAN\u00daS\u00cdTV\u00c1NY  3. oszt\u00e1ly EN 1627  HANGSZIGETEL\u00c9S RW  dB min. 36 max. 41  H\u0150SZIGETEL\u00c9S Ud  W\/m\u00b2K min. 1,6 max. 1,0  L\u00c9G\u00c1TERESZT\u00c9S  1. oszt\u00e1ly  SZ\u00c9LTERHEL\u00c9S ELLEN\u00c1LL\u00c1S  max. 5. oszt\u00e1ly  V\u00cdZZ\u00c1R\u00d3S\u00c1G  max. 7A oszt\u00e1ly\" \/>\n<meta property=\"og:url\" content=\"https:\/\/olaszajto.hu\/index.php\/termek\/eko\/\" \/>\n<meta property=\"og:site_name\" content=\"Olaszajt\u00f3.hu\" \/>\n<meta property=\"og:image\" content=\"https:\/\/olaszajto.hu\/wp-content\/uploads\/2024\/11\/Master_Eko-42b3a3a1.webp\" \/>\n\t<meta property=\"og:image:width\" content=\"672\" \/>\n\t<meta property=\"og:image:height\" content=\"672\" \/>\n\t<meta property=\"og:image:type\" content=\"image\/webp\" \/>\n<meta name=\"twitter:card\" content=\"summary_large_image\" \/>\n<meta name=\"twitter:label1\" content=\"Becs\u00fclt olvas\u00e1si id\u0151\" \/>\n\t<meta name=\"twitter:data1\" content=\"1 perc\" \/>\n<script type=\"application\/ld+json\" class=\"yoast-schema-graph\">{\"@context\":\"https:\/\/schema.org\",\"@graph\":[{\"@type\":\"WebPage\",\"@id\":\"https:\/\/olaszajto.hu\/index.php\/termek\/eko\/\",\"url\":\"https:\/\/olaszajto.hu\/index.php\/termek\/eko\/\",\"name\":\"EKO - Olaszajt\u00f3.hu\",\"isPartOf\":{\"@id\":\"https:\/\/olaszajto.hu\/#website\"},\"primaryImageOfPage\":{\"@id\":\"https:\/\/olaszajto.hu\/index.php\/termek\/eko\/#primaryimage\"},\"image\":{\"@id\":\"https:\/\/olaszajto.hu\/index.php\/termek\/eko\/#primaryimage\"},\"thumbnailUrl\":\"https:\/\/olaszajto.hu\/wp-content\/uploads\/2024\/11\/Master_Eko-42b3a3a1.webp\",\"datePublished\":\"2024-11-04T10:46:57+00:00\",\"breadcrumb\":{\"@id\":\"https:\/\/olaszajto.hu\/index.php\/termek\/eko\/#breadcrumb\"},\"inLanguage\":\"hu\",\"potentialAction\":[{\"@type\":\"ReadAction\",\"target\":[\"https:\/\/olaszajto.hu\/index.php\/termek\/eko\/\"]}]},{\"@type\":\"ImageObject\",\"inLanguage\":\"hu\",\"@id\":\"https:\/\/olaszajto.hu\/index.php\/termek\/eko\/#primaryimage\",\"url\":\"https:\/\/olaszajto.hu\/wp-content\/uploads\/2024\/11\/Master_Eko-42b3a3a1.webp\",\"contentUrl\":\"https:\/\/olaszajto.hu\/wp-content\/uploads\/2024\/11\/Master_Eko-42b3a3a1.webp\",\"width\":672,\"height\":672},{\"@type\":\"BreadcrumbList\",\"@id\":\"https:\/\/olaszajto.hu\/index.php\/termek\/eko\/#breadcrumb\",\"itemListElement\":[{\"@type\":\"ListItem\",\"position\":1,\"name\":\"Kezd\u0151lap\",\"item\":\"https:\/\/olaszajto.hu\/\"},{\"@type\":\"ListItem\",\"position\":2,\"name\":\"Shop\",\"item\":\"https:\/\/olaszajto.hu\/index.php\/uzlet\/\"},{\"@type\":\"ListItem\",\"position\":3,\"name\":\"EKO\"}]},{\"@type\":\"WebSite\",\"@id\":\"https:\/\/olaszajto.hu\/#website\",\"url\":\"https:\/\/olaszajto.hu\/\",\"name\":\"Olaszajt\u00f3.hu\",\"description\":\"MABISZ biztons\u00e1gi ajt\u00f3k, L\u00f6ved\u00e9k\u00e1ll\u00f3 bej\u00e1rati ajt\u00f3, Cser\u00e9lhet\u0151 ajt\u00f3 burkolat, Elektronikus z\u00e1rras ajt\u00f3k, Riaszt\u00f3rendszerrel kompatibilis ajt\u00f3k\",\"potentialAction\":[{\"@type\":\"SearchAction\",\"target\":{\"@type\":\"EntryPoint\",\"urlTemplate\":\"https:\/\/olaszajto.hu\/?s={search_term_string}\"},\"query-input\":{\"@type\":\"PropertyValueSpecification\",\"valueRequired\":true,\"valueName\":\"search_term_string\"}}],\"inLanguage\":\"hu\"}]}<\/script>\n<!-- \/ Yoast SEO plugin. -->","yoast_head_json":{"title":"EKO - Olaszajt\u00f3.hu","robots":{"index":"index","follow":"follow","max-snippet":"max-snippet:-1","max-image-preview":"max-image-preview:large","max-video-preview":"max-video-preview:-1"},"canonical":"https:\/\/olaszajto.hu\/index.php\/termek\/eko\/","og_locale":"hu_HU","og_type":"article","og_title":"EKO - Olaszajt\u00f3.hu","og_description":"BET\u00d6R\u00c9S\u00c1LL\u00d3S\u00c1GI TAN\u00daS\u00cdTV\u00c1NY  3. oszt\u00e1ly EN 1627  HANGSZIGETEL\u00c9S RW  dB min. 36 max. 41  H\u0150SZIGETEL\u00c9S Ud  W\/m\u00b2K min. 1,6 max. 1,0  L\u00c9G\u00c1TERESZT\u00c9S  1. oszt\u00e1ly  SZ\u00c9LTERHEL\u00c9S ELLEN\u00c1LL\u00c1S  max. 5. oszt\u00e1ly  V\u00cdZZ\u00c1R\u00d3S\u00c1G  max. 7A oszt\u00e1ly","og_url":"https:\/\/olaszajto.hu\/index.php\/termek\/eko\/","og_site_name":"Olaszajt\u00f3.hu","og_image":[{"width":672,"height":672,"url":"https:\/\/olaszajto.hu\/wp-content\/uploads\/2024\/11\/Master_Eko-42b3a3a1.webp","type":"image\/webp"}],"twitter_card":"summary_large_image","twitter_misc":{"Becs\u00fclt olvas\u00e1si id\u0151":"1 perc"},"schema":{"@context":"https:\/\/schema.org","@graph":[{"@type":"WebPage","@id":"https:\/\/olaszajto.hu\/index.php\/termek\/eko\/","url":"https:\/\/olaszajto.hu\/index.php\/termek\/eko\/","name":"EKO - Olaszajt\u00f3.hu","isPartOf":{"@id":"https:\/\/olaszajto.hu\/#website"},"primaryImageOfPage":{"@id":"https:\/\/olaszajto.hu\/index.php\/termek\/eko\/#primaryimage"},"image":{"@id":"https:\/\/olaszajto.hu\/index.php\/termek\/eko\/#primaryimage"},"thumbnailUrl":"https:\/\/olaszajto.hu\/wp-content\/uploads\/2024\/11\/Master_Eko-42b3a3a1.webp","datePublished":"2024-11-04T10:46:57+00:00","breadcrumb":{"@id":"https:\/\/olaszajto.hu\/index.php\/termek\/eko\/#breadcrumb"},"inLanguage":"hu","potentialAction":[{"@type":"ReadAction","target":["https:\/\/olaszajto.hu\/index.php\/termek\/eko\/"]}]},{"@type":"ImageObject","inLanguage":"hu","@id":"https:\/\/olaszajto.hu\/index.php\/termek\/eko\/#primaryimage","url":"https:\/\/olaszajto.hu\/wp-content\/uploads\/2024\/11\/Master_Eko-42b3a3a1.webp","contentUrl":"https:\/\/olaszajto.hu\/wp-content\/uploads\/2024\/11\/Master_Eko-42b3a3a1.webp","width":672,"height":672},{"@type":"BreadcrumbList","@id":"https:\/\/olaszajto.hu\/index.php\/termek\/eko\/#breadcrumb","itemListElement":[{"@type":"ListItem","position":1,"name":"Kezd\u0151lap","item":"https:\/\/olaszajto.hu\/"},{"@type":"ListItem","position":2,"name":"Shop","item":"https:\/\/olaszajto.hu\/index.php\/uzlet\/"},{"@type":"ListItem","position":3,"name":"EKO"}]},{"@type":"WebSite","@id":"https:\/\/olaszajto.hu\/#website","url":"https:\/\/olaszajto.hu\/","name":"Olaszajt\u00f3.hu","description":"MABISZ biztons\u00e1gi ajt\u00f3k, L\u00f6ved\u00e9k\u00e1ll\u00f3 bej\u00e1rati ajt\u00f3, Cser\u00e9lhet\u0151 ajt\u00f3 burkolat, Elektronikus z\u00e1rras ajt\u00f3k, Riaszt\u00f3rendszerrel kompatibilis ajt\u00f3k","potentialAction":[{"@type":"SearchAction","target":{"@type":"EntryPoint","urlTemplate":"https:\/\/olaszajto.hu\/?s={search_term_string}"},"query-input":{"@type":"PropertyValueSpecification","valueRequired":true,"valueName":"search_term_string"}}],"inLanguage":"hu"}]}},"_links":{"self":[{"href":"https:\/\/olaszajto.hu\/index.php\/wp-json\/wp\/v2\/product\/93","targetHints":{"allow":["GET"]}}],"collection":[{"href":"https:\/\/olaszajto.hu\/index.php\/wp-json\/wp\/v2\/product"}],"about":[{"href":"https:\/\/olaszajto.hu\/index.php\/wp-json\/wp\/v2\/types\/product"}],"wp:featuredmedia":[{"embeddable":true,"href":"https:\/\/olaszajto.hu\/index.php\/wp-json\/wp\/v2\/media\/94"}],"wp:attachment":[{"href":"https:\/\/olaszajto.hu\/index.php\/wp-json\/wp\/v2\/media?parent=93"}],"wp:term":[{"taxonomy":"product_brand","embeddable":true,"href":"https:\/\/olaszajto.hu\/index.php\/wp-json\/wp\/v2\/product_brand?post=93"},{"taxonomy":"product_cat","embeddable":true,"href":"https:\/\/olaszajto.hu\/index.php\/wp-json\/wp\/v2\/product_cat?post=93"},{"taxonomy":"product_tag","embeddable":true,"href":"https:\/\/olaszajto.hu\/index.php\/wp-json\/wp\/v2\/product_tag?post=93"}],"curies":[{"name":"wp","href":"https:\/\/api.w.org\/{rel}","templated":true}]}}